{"id":40,"date":"2014-11-30T15:41:54","date_gmt":"2014-11-30T14:41:54","guid":{"rendered":"http:\/\/www.crostars.com\/modna-agencija\/?page_id=40"},"modified":"2023-04-11T11:10:29","modified_gmt":"2023-04-11T09:10:29","slug":"kontakt","status":"publish","type":"page","link":"https:\/\/www.crostars.com\/modna-agencija\/kontakt\/","title":{"rendered":"KONTAKT"},"content":{"rendered":"<\/div><\/div><\/div><!-- close content main div --><\/div><\/div><div id='full_slider_1' class='avia-fullwidth-slider main_color avia-shadow   container_wrap fullsize'   ><div  data-size='featured'  data-lightbox_size='large'  data-animation='slide'  data-conditional_play=''  data-ids='144'  data-video_counter='0'  data-autoplay='false'  data-bg_slider='false'  data-slide_height=''  data-handle='av_slideshow_full'  data-interval='5'  data-class=' '  data-css_id=''  data-scroll_down=''  data-control_layout='av-control-default'  data-custom_markup=''  data-perma_caption=''  data-autoplay_stopper=''  data-image_attachment=''  data-min_height='0px'  data-src=''  data-position='top left'  data-repeat='no-repeat'  data-attach='scroll'  data-stretch=''  data-default-height='28.666666666667'  class='avia-slideshow avia-slideshow-1  av-control-default av-default-height-applied avia-slideshow-featured av_slideshow_full   avia-slide-slider '  itemprop=\"ImageObject\" itemscope=\"itemscope\" itemtype=\"https:\/\/schema.org\/ImageObject\" ><ul class='avia-slideshow-inner ' style='padding-bottom: 15.247524752475%;' ><li  class=' av-single-slide slide-1 ' ><div data-rel='slideshow-1' class='avia-slide-wrap '   ><img src='https:\/\/www.crostars.com\/modna-agencija\/wp-content\/uploads\/2014\/11\/banner-kontakt.jpg' width='1010' height='154' title='banner-kontakt' alt=''  itemprop=\"thumbnailUrl\"   \/><\/div><\/li><\/ul><\/div><\/div>\n<\/div><\/div><\/div><!-- close content main div --><\/div><\/div><div id='av-layout-grid-1' class='av-layout-grid-container entry-content-wrapper main_color av-flex-cells    container_wrap fullsize'   >\n<div class=\"flex_cell no_margin av_one_half   \" style='background: #000000; vertical-align:middle; padding:20; background-color:#000000; '><div class='flex_cell_inner' ><div class='avia-button-wrap avia-button-center '><a href='https:\/\/www.facebook.com\/crostars.club\/' class='avia-button avia-button-fullwidth   avia-icon_select-yes-left-icon avia-color-blue '  style='color:#000000; ' ><div class='av-button-description av-button-description-above'><p>Posjetite na\u0161u slu\u017ebeni Facebook stranicu<\/p>\n<\/div><span class='avia_button_icon avia_button_icon_left ' aria-hidden='true' data-av_icon='\ue8f5' data-av_iconfont='entypo-fontello'><\/span><span class='avia_iconbox_title' >FACEBOOK STRANICA<\/span><span class='avia_button_background avia-button avia-button-fullwidth avia-color-custom' style='background-color:#0271e8; '><\/span><\/a><\/div>\n<\/div><\/div><div class=\"flex_cell no_margin av_one_half   \" style='background: #000000; vertical-align:middle; padding:20; background-color:#000000; '><div class='flex_cell_inner' ><div class='avia-button-wrap avia-button-center '><a href='https:\/\/www.instagram.com\/crostars.club\/' class='avia-button avia-button-fullwidth   avia-icon_select-yes-left-icon avia-color-orange '  style='color:#000000; ' ><div class='av-button-description av-button-description-above'><p>Posjetite na\u0161u slu\u017ebenu Instagram stranicu!<\/p>\n<\/div><span class='avia_button_icon avia_button_icon_left ' aria-hidden='true' data-av_icon='\ue909' data-av_iconfont='entypo-fontello'><\/span><span class='avia_iconbox_title' >INSTAGRAM STRANICA<\/span><span class='avia_button_background avia-button avia-button-fullwidth avia-color-custom' style='background-color:#ed9600; '><\/span><\/a><\/div>\n<\/div><\/div>\n<\/div>\n<\/div><\/div><\/div><!-- close content main div --><\/div><\/div><div id='av-layout-grid-2' class='av-layout-grid-container entry-content-wrapper main_color av-flex-cells   av-border-top-bottom av-border-cells container_wrap fullsize'   >\n<div class=\"flex_cell no_margin av_one_full   \" style='vertical-align:top; padding:30px; '><div class='flex_cell_inner' ><section class=\"av_textblock_section \"  itemscope=\"itemscope\" itemtype=\"https:\/\/schema.org\/CreativeWork\" ><div class='avia_textblock  '   itemprop=\"text\" ><p><div class=\"su-note\"  style=\"border-color:#c6e5c6;border-radius:3px;-moz-border-radius:3px;-webkit-border-radius:3px;\"><div class=\"su-note-inner su-u-clearfix su-u-trim\" style=\"background-color:#E0FFE0;border-color:#ffffff;color:#333333;border-radius:3px;-moz-border-radius:3px;-webkit-border-radius:3px;\"><div class=\"su-service\"><div class=\"su-service-title\" style=\"padding-left:62px;min-height:48px;line-height:48px\"><img loading=\"lazy\" decoding=\"async\" src=\"https:\/\/crostars.com\/modna-agencija\/wp-content\/uploads\/Email-icon.png\" width=\"48\" height=\"48\" alt=\"&lt;strong&gt;IMATE PITANJE, TREBATE INFORMACIJU?&lt;\/strong&gt;\" style=\"width:48px;height:48px\" \/> <strong>IMATE PITANJE, TREBATE INFORMACIJU?<\/strong><\/div><div class=\"su-service-content su-u-clearfix su-u-trim\" style=\"padding-left:62px\"><\/p>\n<p>Molimo Vas da nas kontaktirate putem Web kontakt forme ili nam se javite na slu\u017ebeni Instagram ili Facebook profil.<\/p>\n<p>Rado \u0107emo odgovoriti na va\u0161a pitanja i dati Vam potrebne informacije.<\/p>\n<p><div class=\"su-spacer\" style=\"height:10px\"><\/div><br \/>\n<\/div><\/div><\/div><\/div><br \/>\n<div class=\"su-note\"  style=\"border-color:#96c6cc;border-radius:3px;-moz-border-radius:3px;-webkit-border-radius:3px;\"><div class=\"su-note-inner su-u-clearfix su-u-trim\" style=\"background-color:#B0E0E6;border-color:#ffffff;color:#333333;border-radius:3px;-moz-border-radius:3px;-webkit-border-radius:3px;\"><div class=\"su-service\"><div class=\"su-service-title\" style=\"padding-left:62px;min-height:48px;line-height:48px\"><img loading=\"lazy\" decoding=\"async\" src=\"https:\/\/crostars.com\/modna-agencija\/wp-content\/uploads\/prijavnica.png\" width=\"48\" height=\"48\" alt=\"WEB KONTAKT FORMA\" style=\"width:48px;height:48px\" \/> WEB KONTAKT FORMA<\/div><div class=\"su-service-content su-u-clearfix su-u-trim\" style=\"padding-left:62px\"><br \/>\n\n<div class=\"wpcf7 no-js\" id=\"wpcf7-f99-o1\" lang=\"hr\" dir=\"ltr\">\n<div class=\"screen-reader-response\"><p role=\"status\" aria-live=\"polite\" aria-atomic=\"true\"><\/p> <ul><\/ul><\/div>\n<form action=\"\/modna-agencija\/wp-json\/wp\/v2\/pages\/40#wpcf7-f99-o1\" method=\"post\" class=\"wpcf7-form init\" aria-label=\"Contact form\" novalidate=\"novalidate\" data-status=\"init\">\n<div style=\"display: none;\">\n<input type=\"hidden\" name=\"_wpcf7\" value=\"99\" \/>\n<input type=\"hidden\" name=\"_wpcf7_version\" value=\"5.9.3\" \/>\n<input type=\"hidden\" name=\"_wpcf7_locale\" value=\"hr\" \/>\n<input type=\"hidden\" name=\"_wpcf7_unit_tag\" value=\"wpcf7-f99-o1\" \/>\n<input type=\"hidden\" name=\"_wpcf7_container_post\" value=\"0\" \/>\n<input type=\"hidden\" name=\"_wpcf7_posted_data_hash\" value=\"\" \/>\n<input type=\"hidden\" name=\"_wpcf7_recaptcha_response\" value=\"\" \/>\n<\/div>\n<div id=\"two-column\">\n\t<div id=\"left\">\n\t\t<p>Va\u0161e ime (obavezno)\n\t\t<\/p>\n\t\t<p><span class=\"wpcf7-form-control-wrap\" data-name=\"your-name\"><input size=\"40\" class=\"wpcf7-form-control wpcf7-text wpcf7-validates-as-required\" aria-required=\"true\" aria-invalid=\"false\" placeholder=\"Va\u0161e Ime\" value=\"\" type=\"text\" name=\"your-name\" \/><\/span>\n\t\t<\/p>\n\t<\/div>\n\t<div id=\"right\">\n\t\t<p>Va\u0161e prezime (obavezno)\n\t\t<\/p>\n\t\t<p><span class=\"wpcf7-form-control-wrap\" data-name=\"your-prezime\"><input size=\"40\" class=\"wpcf7-form-control wpcf7-text wpcf7-validates-as-required\" aria-required=\"true\" aria-invalid=\"false\" placeholder=\"Va\u0161e Prezime\" value=\"\" type=\"text\" name=\"your-prezime\" \/><\/span>\n\t\t<\/p>\n\t<\/div>\n\t<div id=\"left\">\n\t\t<p>Va\u0161 Email (obavezno)\n\t\t<\/p>\n\t\t<p><span class=\"wpcf7-form-control-wrap\" data-name=\"your-email\"><input size=\"40\" class=\"wpcf7-form-control wpcf7-email wpcf7-validates-as-required wpcf7-text wpcf7-validates-as-email\" aria-required=\"true\" aria-invalid=\"false\" placeholder=\"Va\u0161a email adresa\" value=\"\" type=\"email\" name=\"your-email\" \/><\/span>\n\t\t<\/p>\n\t<\/div>\n\t<div id=\"right\">\n\t\t<p>Va\u0161 mobitel (obavezno)\n\t\t<\/p>\n\t\t<p><span class=\"wpcf7-form-control-wrap\" data-name=\"mobitel\"><input size=\"40\" class=\"wpcf7-form-control wpcf7-text wpcf7-validates-as-required\" aria-required=\"true\" aria-invalid=\"false\" placeholder=\"U formatu npr: 0991234567\" value=\"\" type=\"text\" name=\"mobitel\" \/><\/span>\n\t\t<\/p>\n\t<\/div>\n\t<p>Predmet \/ Naslov\n\t<\/p>\n\t<p><span class=\"wpcf7-form-control-wrap\" data-name=\"your-subject\"><input size=\"40\" class=\"wpcf7-form-control wpcf7-text\" aria-invalid=\"false\" placeholder=\"Naslov javljanja\" value=\"\" type=\"text\" name=\"your-subject\" \/><\/span>\n\t<\/p>\n\t<p>Va\u0161a Poruka \/ Pitanje\n\t<\/p>\n\t<p><span class=\"wpcf7-form-control-wrap\" data-name=\"your-message\"><textarea cols=\"40\" rows=\"10\" class=\"wpcf7-form-control wpcf7-textarea\" aria-invalid=\"false\" placeholder=\"Mjesto za va\u0161u poruku, pitanje. Niste ograni\u010deni brojem rije\u010di!\" name=\"your-message\"><\/textarea><\/span>\n\t<\/p>\n\t<p>Prepi\u0161ite kod u polje ispod (kako bi potvrdili da niste robot)\n\t<\/p>\n\t<p><input type=\"hidden\" name=\"_wpcf7_captcha_challenge_captcha-493\" value=\"607897431\" \/><img loading=\"lazy\" decoding=\"async\" class=\"wpcf7-form-control wpcf7-captchac wpcf7-captcha-captcha-493\" width=\"72\" height=\"24\" alt=\"captcha\" src=\"https:\/\/www.crostars.com\/modna-agencija\/wp-content\/uploads\/wpcf7_captcha\/607897431.png\" \/><br \/>\n<span class=\"wpcf7-form-control-wrap\" data-name=\"captcha-493\"><input size=\"5\" maxlength=\"5\" class=\"wpcf7-form-control wpcf7-captchar\" autocomplete=\"off\" aria-invalid=\"false\" value=\"\" type=\"text\" name=\"captcha-493\" \/><\/span>\n\t<\/p>\n\t<p><input class=\"wpcf7-form-control wpcf7-submit has-spinner\" type=\"submit\" value=\"Po\u0161alji poruku\" \/>Kliknite i pri\u010dekajte obavijest o uspje\u0161nom slanju!\n\t<\/p>\n<\/div><p style=\"display: none !important;\" class=\"akismet-fields-container\" data-prefix=\"_wpcf7_ak_\"><label>&#916;<textarea name=\"_wpcf7_ak_hp_textarea\" cols=\"45\" rows=\"8\" maxlength=\"100\"><\/textarea><\/label><input type=\"hidden\" id=\"ak_js_1\" name=\"_wpcf7_ak_js\" value=\"37\"\/><script>document.getElementById( \"ak_js_1\" ).setAttribute( \"value\", ( new Date() ).getTime() );<\/script><\/p><div class=\"wpcf7-response-output\" aria-hidden=\"true\"><\/div>\n<\/form>\n<\/div>\n<br \/>\n<\/div><\/div><\/div><\/div><\/p>\n<\/div><\/section>\n<\/div><\/div><\/div>\n","protected":false},"excerpt":{"rendered":"","protected":false},"author":3,"featured_media":0,"parent":0,"menu_order":0,"comment_status":"closed","ping_status":"closed","template":"","meta":{"footnotes":""},"_links":{"self":[{"href":"https:\/\/www.crostars.com\/modna-agencija\/wp-json\/wp\/v2\/pages\/40"}],"collection":[{"href":"https:\/\/www.crostars.com\/modna-agencija\/wp-json\/wp\/v2\/pages"}],"about":[{"href":"https:\/\/www.crostars.com\/modna-agencija\/wp-json\/wp\/v2\/types\/page"}],"author":[{"embeddable":true,"href":"https:\/\/www.crostars.com\/modna-agencija\/wp-json\/wp\/v2\/users\/3"}],"replies":[{"embeddable":true,"href":"https:\/\/www.crostars.com\/modna-agencija\/wp-json\/wp\/v2\/comments?post=40"}],"version-history":[{"count":43,"href":"https:\/\/www.crostars.com\/modna-agencija\/wp-json\/wp\/v2\/pages\/40\/revisions"}],"predecessor-version":[{"id":289,"href":"https:\/\/www.crostars.com\/modna-agencija\/wp-json\/wp\/v2\/pages\/40\/revisions\/289"}],"wp:attachment":[{"href":"https:\/\/www.crostars.com\/modna-agencija\/wp-json\/wp\/v2\/media?parent=40"}],"curies":[{"name":"wp","href":"https:\/\/api.w.org\/{rel}","templated":true}]}}