{"id":86,"date":"2014-12-09T14:56:12","date_gmt":"2014-12-09T13:56:12","guid":{"rendered":"http:\/\/www.crostars.com\/modna-agencija\/?page_id=86"},"modified":"2023-04-11T11:16:19","modified_gmt":"2023-04-11T09:16:19","slug":"o-nama","status":"publish","type":"page","link":"https:\/\/www.crostars.com\/modna-agencija\/o-nama\/","title":{"rendered":"O NAMA"},"content":{"rendered":"<\/div><\/div><\/div><!-- close content main div --><\/div><\/div><div id='full_slider_1' class='avia-fullwidth-slider main_color avia-shadow   container_wrap fullsize'   ><div  data-size='featured'  data-lightbox_size='large'  data-animation='slide'  data-conditional_play=''  data-ids='147'  data-video_counter='0'  data-autoplay='false'  data-bg_slider='false'  data-slide_height=''  data-handle='av_slideshow_full'  data-interval='5'  data-class=' '  data-css_id=''  data-scroll_down=''  data-control_layout='av-control-default'  data-custom_markup=''  data-perma_caption=''  data-autoplay_stopper=''  data-image_attachment=''  data-min_height='0px'  data-src=''  data-position='top left'  data-repeat='no-repeat'  data-attach='scroll'  data-stretch=''  data-default-height='28.666666666667'  class='avia-slideshow avia-slideshow-1  av-control-default av-default-height-applied avia-slideshow-featured av_slideshow_full   avia-slide-slider '  itemprop=\"ImageObject\" itemscope=\"itemscope\" itemtype=\"https:\/\/schema.org\/ImageObject\" ><ul class='avia-slideshow-inner ' style='padding-bottom: 15.247524752475%;' ><li  class=' av-single-slide slide-1 ' ><div data-rel='slideshow-1' class='avia-slide-wrap '   ><img src='https:\/\/www.crostars.com\/modna-agencija\/wp-content\/uploads\/2014\/12\/banner-onama.jpg' width='1010' height='154' title='banner-onama' alt=''  itemprop=\"thumbnailUrl\"   \/><\/div><\/li><\/ul><\/div><\/div>\n<\/div><\/div><\/div><!-- close content main div --><\/div><\/div><div id='av-layout-grid-1' class='av-layout-grid-container entry-content-wrapper main_color av-flex-cells    container_wrap fullsize'   >\n<div class=\"flex_cell no_margin av_one_half   \" style='background: #000000; vertical-align:middle; padding:20; background-color:#000000; '><div class='flex_cell_inner' ><div class='avia-button-wrap avia-button-center '><a href='https:\/\/www.facebook.com\/crostars.club\/' class='avia-button avia-button-fullwidth   avia-icon_select-yes-left-icon avia-color-blue '  style='color:#000000; ' ><div class='av-button-description av-button-description-above'><p>Posjetite na\u0161u slu\u017ebeni Facebook stranicu<\/p>\n<\/div><span class='avia_button_icon avia_button_icon_left ' aria-hidden='true' data-av_icon='\ue8f5' data-av_iconfont='entypo-fontello'><\/span><span class='avia_iconbox_title' >FACEBOOK STRANICA<\/span><span class='avia_button_background avia-button avia-button-fullwidth avia-color-custom' style='background-color:#0271e8; '><\/span><\/a><\/div>\n<\/div><\/div><div class=\"flex_cell no_margin av_one_half   \" style='background: #000000; vertical-align:middle; padding:20; background-color:#000000; '><div class='flex_cell_inner' ><div class='avia-button-wrap avia-button-center '><a href='https:\/\/www.instagram.com\/crostars.club\/' class='avia-button avia-button-fullwidth   avia-icon_select-yes-left-icon avia-color-orange '  style='color:#000000; ' ><div class='av-button-description av-button-description-above'><p>Posjetite na\u0161u slu\u017ebenu Instagram stranicu!<\/p>\n<\/div><span class='avia_button_icon avia_button_icon_left ' aria-hidden='true' data-av_icon='\ue909' data-av_iconfont='entypo-fontello'><\/span><span class='avia_iconbox_title' >INSTAGRAM STRANICA<\/span><span class='avia_button_background avia-button avia-button-fullwidth avia-color-custom' style='background-color:#ed9600; '><\/span><\/a><\/div>\n<\/div><\/div>\n<\/div>\n<\/div><\/div><\/div><!-- close content main div --><\/div><\/div><div id='av-layout-grid-2' class='av-layout-grid-container entry-content-wrapper main_color av-flex-cells   av-border-top-bottom av-border-cells container_wrap fullsize'   >\n<div class=\"flex_cell no_margin av_one_full   \" style='vertical-align:top; padding:30px; '><div class='flex_cell_inner' ><section class=\"av_textblock_section \"  itemscope=\"itemscope\" itemtype=\"https:\/\/schema.org\/CreativeWork\" ><div class='avia_textblock  '   itemprop=\"text\" ><p style=\"text-align: justify;\"><div class=\"su-heading su-heading-style-default su-heading-align-center\" id=\"\" style=\"font-size:13px;margin-bottom:20px\"><div class=\"su-heading-inner\"> <strong>CROSTARS model &amp; talent club<\/strong> je klub manekena, fotomodela, hostesa i statista.<\/div><\/div><\/p>\n<p style=\"text-align: justify;\"><strong>Primarna zada\u0107a CROSTARS cluba je:<\/strong><\/p>\n<ol style=\"text-align: justify;\">\n<li><strong>Scouting <\/strong>(tra\u017eenje novih lica)<\/li>\n<li><strong>Edukacija <\/strong>(osnove pravilnog drzanja, hoda i poziranja)<\/li>\n<li><strong>Promocija<\/strong> (prezentiranje \u010dlanova potencijalnim klijentima)<\/li>\n<\/ol>\n<p style=\"text-align: justify;\"><strong>SCOUTING<\/strong><\/p>\n<p style=\"text-align: justify;\"><span style=\"color: #000000;\"><img decoding=\"async\" class=\"alignleft size-full\" title=\"scouting\" src=\"https:\/\/crostars.com\/modna-agencija\/wp-content\/uploads\/scouting.jpg\" alt=\"scouting\" \/><\/span>Zbog stalne potrebe za Novim Licima scouting je neizostavan dio na\u0161e djelatnosti. Scouting pokriva sve vrste na\u0161eg prvog susreta, bilo da ste nas kontaktirali osobno, na preporuku na\u0161eg \u010dlana ili vas je na\u0161 ovla\u0161teni scout zaustavio u gradu, na ulici i pozvao na informativni sastanak.<br \/>\nInformativni sastanak je ujedno i na\u0161 prvi slu\u017ebeni susret na kojem Vas pobli\u017ee upoznamo sa na\u0161im svijetom te mogu\u0107nostima, uvjetima i pravilima koji u njemu vladaju. Info sastanak je neobavezan, besplatan i kao \u0161to mu sam naziv ka\u017ee INFORMATIVNOG karaktera. Na njemu se unutar nekih sat vremena upoznate sa svim bitnim detaljima i mogu\u0107nostima koje Vam se nude, te naravno mo\u017eete dobiti odogovore na sva va\u0161a pitanja. Trenutno tra\u017eimo Nova Lica starosti 5-25 god. Ukoliko nam se \u017eelite pridru\u017eiti molimo prijavite se klikom na formu za prijavu: <a href=\"https:\/\/www.crostars.com\/modna-agencija\/prijavi-se\/\" class=\"su-button su-button-style-glass\" style=\"color:#000;background-color:#D1F26D;border-color:#a8c258;border-radius:6px;-moz-border-radius:6px;-webkit-border-radius:6px\" target=\"_self\"><span style=\"color:#000;padding:0px 18px;font-size:14px;line-height:28px;border-color:#dff699;border-radius:6px;-moz-border-radius:6px;-webkit-border-radius:6px;text-shadow:none;-moz-text-shadow:none;-webkit-text-shadow:none\">  Forma za Online Prijavnu u CroStars model &amp; talent club\u00a0 <\/span><\/a><\/p>\n<p style=\"text-align: justify;\"><strong>EDUKACIJA<\/strong><\/p>\n<p style=\"text-align: justify;\"><img decoding=\"async\" class=\"alignleft size-medium\" title=\"edukacija\" src=\"https:\/\/crostars.com\/modna-agencija\/wp-content\/uploads\/edukacija.jpg\" alt=\"edukacija\" \/>Budu\u0107i da smatramo kako je lijepo pona\u0161anje i pravilno dr\u017eanje ne\u0161to \u0161to svaka osoba mora imati u sebi osigurali smo edukaciju koja \u0107e uz ve\u0107 navedeno nau\u010diti na\u0161e potencijalne \u010dlanove pravilnom hodu, poziranju, gestikuliranju, pona\u0161anju pred kamerama i objektivima. U \u0161koli se polaznici isto tako u\u010de disciplini i odgovornosti a to su dvije jako bitne stvari kako u privatnom tako i u poslovnom \u017eivotu! Isto tako kroz samu edukaciju polaznici se socijaliziraju, upoznaju sa \u201ezdravim\u201c dru\u0161tvom, stje\u010du nova poznanstva i prijatelje i na jedan, u svakom pogledu, pozitivan na\u010din provode dio svog slobodnog vremena.<br \/>\nDa bi mogli postati na\u0161 \u010dlan neophodno je imati potvrdu\/priznanje o uspje\u0161no zavrsenoj edukaciji (educirati se mo\u017eete u na\u0161em modno edukativnom centru PRVI KORAK ili u nekoj od vode\u0107ih modnih agencija u RH). Isto tako na\u0161u \u0161kolu mo\u017eete poha\u0111ati bez da na kraju postanete \u010dlan, iz privatnih razloga, kako bi nau\u010dili pravilno dr\u017eanje, hod, socijalizirali se, obogatili privatni zivot novim vje\u0161tinama i znanjima te korisno i kreativno ispunili slobodno vrijeme. Od novih polaznika o\u010dekujemo to\u010dnost, odgovornost i \u017eelju za usvajanjem novih znanja, a za sve ostalo pobrinut \u0107e se na\u0161i stru\u010dni instruktori. Po zavr\u0161etku edukacije primit \u0107ete priznanje o uspje\u0161no zavr\u0161enoj edukaciji.<\/p>\n<p style=\"text-align: justify;\"><strong>PROMOCIJA<\/strong><\/p>\n<p style=\"text-align: justify;\"><img decoding=\"async\" class=\"alignleft size-full\" title=\"promocija\" src=\"https:\/\/crostars.com\/modna-agencija\/wp-content\/uploads\/promocija.jpg\" alt=\"promocija\" \/>Nakon \u0161to zavr\u0161ite edukaciju i slu\u017ebeno odlu\u010dite postati dio CROSTARS cluba dolazimo do vjerovatno najzanimljivijeg dijela pri\u010de&#8230;PROMOCIJA.<\/p>\n<p style=\"text-align: justify;\">Prvi korak je otvaranje va\u0161eg slu\u017ebenog \u010dlanskog kartona i upis u bazu \u010dlanova, zatim slijedi snimanje va\u0161e set karte (Set Card), koja je neka vrsta va\u0161e \u010dlanske posjetnice nakon \u010dega otvaramo va\u0161 profil na na\u0161im web stranicama. Nakon \u0161to to sve obavimo vi ste postali i slu\u017ebeno dostupni na\u0161im potencijalnim klijentima. Ovisno o potrebama i potra\u017enji klijenata mi vas onda kontaktiramo, \u0161aljemo na castinge, povezujemo sa klijentima. Dakle brinemo se za mogu\u0107nost da budete vi\u0111eni i izabrani od strane klijenata. Isto tako na\u0161a je zada\u0107a da \u0161titimo svoje \u010dlanove od bilo kakve \u201ezlouporabe\u201c od strane klijenata. Mi stojimo iza vas i brinemo se da poslovi koje dogovorimo budu realizirani u skladu sa dogovorom i da primite honorar za svoj rad. Isto tako smo sigurnost da vas pojedinci koji se bave sumnjivim djelatnostima ne iskoriste na racun va\u0161e mladosti,naivnost i \u017eelje za uspjehom i zaradom.<\/p>\n<p style=\"text-align: justify;\">Sura\u0111ujemo samo sa ozbiljnim i provjerenim klijentima i omogu\u0107ujemo maximalnu sigurnost u realizaciji projekata. Ukratko mi smo \u0161tit iza kojega se mo\u017eete skloniti kako bi se za\u0161titili od sumljivih poslova i poslovnih ponuda.<\/p>\n<\/div><\/section>\n<\/div><\/div><\/div>\n","protected":false},"excerpt":{"rendered":"","protected":false},"author":3,"featured_media":0,"parent":0,"menu_order":0,"comment_status":"closed","ping_status":"closed","template":"","meta":{"footnotes":""},"_links":{"self":[{"href":"https:\/\/www.crostars.com\/modna-agencija\/wp-json\/wp\/v2\/pages\/86"}],"collection":[{"href":"https:\/\/www.crostars.com\/modna-agencija\/wp-json\/wp\/v2\/pages"}],"about":[{"href":"https:\/\/www.crostars.com\/modna-agencija\/wp-json\/wp\/v2\/types\/page"}],"author":[{"embeddable":true,"href":"https:\/\/www.crostars.com\/modna-agencija\/wp-json\/wp\/v2\/users\/3"}],"replies":[{"embeddable":true,"href":"https:\/\/www.crostars.com\/modna-agencija\/wp-json\/wp\/v2\/comments?post=86"}],"version-history":[{"count":18,"href":"https:\/\/www.crostars.com\/modna-agencija\/wp-json\/wp\/v2\/pages\/86\/revisions"}],"predecessor-version":[{"id":282,"href":"https:\/\/www.crostars.com\/modna-agencija\/wp-json\/wp\/v2\/pages\/86\/revisions\/282"}],"wp:attachment":[{"href":"https:\/\/www.crostars.com\/modna-agencija\/wp-json\/wp\/v2\/media?parent=86"}],"curies":[{"name":"wp","href":"https:\/\/api.w.org\/{rel}","templated":true}]}}